{"id":117,"date":"2016-07-25T19:29:48","date_gmt":"2016-07-25T17:29:48","guid":{"rendered":"http:\/\/www.rfv-ingoldingen.de\/wordpress\/?page_id=117"},"modified":"2023-04-17T17:39:47","modified_gmt":"2023-04-17T15:39:47","slug":"voltigieren","status":"publish","type":"page","link":"http:\/\/www.rfv-ingoldingen.de\/wordpress\/voltigieren\/","title":{"rendered":"Voltigieren"},"content":{"rendered":"<h3><strong>Voltigiergruppe des RFV Ingoldingen<\/strong><\/h3>\n<p>Unser Team besteht aus Voltigierern im Alter von 6 bis 20 Jahren.<\/p>\n<p>Unser Trainerteam:<\/p>\n<ul>\n<li>Nadine Gr\u00f6ber<\/li>\n<li>Rika Schob<\/li>\n<li>Carleen Kind<\/li>\n<\/ul>\n<p>Wir freuen uns sehr, dass uns Dr. Raymund Aich seine beiden Voltigierpferde Ramon und Florent zur Verf\u00fcgung stellt.<\/p>\n<p>Das Training findet in der Reithalle (Pferdepension Ott) in Awengen statt. Derzeit trainieren wir immer mittwochs von 17:00 &nbsp;\u2013 18:45 Uhr.<\/p>\n<p>Die kalte Winterzeit \u00fcberbr\u00fccken wir in der Turnhalle (Winterstettendorf oder Ingoldingen) und bereiten uns da auf die n\u00e4chste Saison und verschiedene Showauftritte vor.<\/p>\n<p>Neben unserem Voltitraining stellen wir jedes Jahr ein neues Showprogramm zusammen und treten auf verschiedenen Veranstaltungen auf.<\/p>\n<p>Egal ob Fasnet, Geburtstage, Hochzeiten, Firmenfeiern, Gartenfeste \u2026. wir haben immer das passende Programm.<\/p>\n<p>Sollten Sie also Interesse haben, dann kontaktieren Sie uns doch einfach\u2026.<\/p>\n<p>Nadine Gr\u00f6ber &#8211; Mobil: 0171 654 86 03<\/p>\n<p><strong>&nbsp;&nbsp;<\/strong><\/p>\n\n<h5><strong><span style=\"color: #339966;\">&nbsp;<\/span><\/strong><\/h5>\n<h5><\/h5>\n","protected":false},"excerpt":{"rendered":"<p>Voltigiergruppe des RFV Ingoldingen Unser Team besteht aus Voltigierern im Alter von 6 bis 20 Jahren. Unser Trainerteam: Nadine Gr\u00f6ber Rika Schob Carleen Kind Wir freuen uns sehr, dass uns Dr. Raymund Aich seine beiden Voltigierpferde Ramon und Florent zur Verf\u00fcgung stellt. Das Training findet in der Reithalle (Pferdepension Ott) in Awengen statt. Derzeit trainieren [&hellip;]<\/p>\n","protected":false},"author":5,"featured_media":0,"parent":0,"menu_order":0,"comment_status":"closed","ping_status":"closed","template":"","meta":{"footnotes":""},"class_list":["post-117","page","type-page","status-publish","hentry"],"jetpack_sharing_enabled":true,"_links":{"self":[{"href":"http:\/\/www.rfv-ingoldingen.de\/wordpress\/wp-json\/wp\/v2\/pages\/117","targetHints":{"allow":["GET"]}}],"collection":[{"href":"http:\/\/www.rfv-ingoldingen.de\/wordpress\/wp-json\/wp\/v2\/pages"}],"about":[{"href":"http:\/\/www.rfv-ingoldingen.de\/wordpress\/wp-json\/wp\/v2\/types\/page"}],"author":[{"embeddable":true,"href":"http:\/\/www.rfv-ingoldingen.de\/wordpress\/wp-json\/wp\/v2\/users\/5"}],"replies":[{"embeddable":true,"href":"http:\/\/www.rfv-ingoldingen.de\/wordpress\/wp-json\/wp\/v2\/comments?post=117"}],"version-history":[{"count":23,"href":"http:\/\/www.rfv-ingoldingen.de\/wordpress\/wp-json\/wp\/v2\/pages\/117\/revisions"}],"predecessor-version":[{"id":1409,"href":"http:\/\/www.rfv-ingoldingen.de\/wordpress\/wp-json\/wp\/v2\/pages\/117\/revisions\/1409"}],"wp:attachment":[{"href":"http:\/\/www.rfv-ingoldingen.de\/wordpress\/wp-json\/wp\/v2\/media?parent=117"}],"curies":[{"name":"wp","href":"https:\/\/api.w.org\/{rel}","templated":true}]}}

<h3><strong>Voltigiergruppe des RFV Ingoldingen</strong></h3>
<p>Unser Team besteht aus Voltigierern im Alter von 6 bis 20 Jahren.</p>
<p>Unser Trainerteam:</p>
<ul>
<li>Nadine Gröber</li>
<li>Rika Schob</li>
<li>Carleen Kind</li>
</ul>
<p>Wir freuen uns sehr, dass uns Dr. Raymund Aich seine beiden Voltigierpferde Ramon und Florent zur Verfügung stellt.</p>
<p>Das Training findet in der Reithalle (Pferdepension Ott) in Awengen statt. Derzeit trainieren wir immer mittwochs von 17:00 &nbsp;– 18:45 Uhr.</p>
<p>Die kalte Winterzeit überbrücken wir in der Turnhalle (Winterstettendorf oder Ingoldingen) und bereiten uns da auf die nächste Saison und verschiedene Showauftritte vor.</p>
<p>Neben unserem Voltitraining stellen wir jedes Jahr ein neues Showprogramm zusammen und treten auf verschiedenen Veranstaltungen auf.</p>
<p>Egal ob Fasnet, Geburtstage, Hochzeiten, Firmenfeiern, Gartenfeste …. wir haben immer das passende Programm.</p>
<p>Sollten Sie also Interesse haben, dann kontaktieren Sie uns doch einfach….</p>
<p>Nadine Gröber &#8211; Mobil: 0171 654 86 03</p>
<p><strong>&nbsp;&nbsp;</strong></p>

<h5><strong><span style="color: #339966;">&nbsp;</span></strong></h5>
<h5></h5>

<p>Voltigiergruppe des RFV Ingoldingen Unser Team besteht aus Voltigierern im Alter von 6 bis 20 Jahren. Unser Trainerteam: Nadine Gröber Rika Schob Carleen Kind Wir freuen uns sehr, dass uns Dr. Raymund Aich seine beiden Voltigierpferde Ramon und Florent zur Verfügung stellt. Das Training findet in der Reithalle (Pferdepension Ott) in Awengen statt. Derzeit trainieren [&hellip;]</p>
