{"id":15,"date":"2015-02-15T11:53:30","date_gmt":"2015-02-15T10:53:30","guid":{"rendered":"http:\/\/www.rfv-ingoldingen.de\/wordpress\/?page_id=15"},"modified":"2025-05-29T00:00:32","modified_gmt":"2025-05-28T22:00:32","slug":"fahren","status":"publish","type":"page","link":"http:\/\/www.rfv-ingoldingen.de\/wordpress\/fahren\/","title":{"rendered":"Fahren"},"content":{"rendered":"<p>Unser Reit- und Fahrverein verf\u00fcgt \u00fcber viele gut ausgebildete, sichere und routinierte Fahrer. Das Fahrerlager teilt sich auf in Turnierfahrer und Freizeitfahrer. Viele von ihnen nehmen auch regelm\u00e4\u00dfig an den verschiedenen Festumz\u00fcgen der umliegenden Gemeinden teil. So sind beim Biberacher Sch\u00fctzenfest sowie beim Magnusfest in Bad Schussenried immer Fahrer von unserem Reitverein dabei.<\/p>\n<p>Mit ihren Gespannen k\u00f6nnen unsere Fahrer jederzeit auf unserem gro\u00dfen Fahrplatz mit Wassergraben \u00fcben. Weiterhin bietet das umliegende Gel\u00e4nde ideale Voraussetzungen f\u00fcr eine sch\u00f6ne Kutschfahrt.<\/p>\n<p>Der Fahrsport erfreut sich auch bei uns im Verein einer immer gr\u00f6\u00dfer werdenden Beliebtheit. F\u00fcr den richtigen und vor allem auch sicheren Umgang mit Kutsche und Pferd ist eine solide Grundausbildung unerl\u00e4sslich. Daher bieten wir im Verein regelm\u00e4\u00dfig Fahrlehrg\u00e4nge und Abzeichenpr\u00fcfungen an.<\/p>\n","protected":false},"excerpt":{"rendered":"<p>Unser Reit- und Fahrverein verf\u00fcgt \u00fcber viele gut ausgebildete, sichere und routinierte Fahrer. Das Fahrerlager teilt sich auf in Turnierfahrer und Freizeitfahrer. Viele von ihnen nehmen auch regelm\u00e4\u00dfig an den verschiedenen Festumz\u00fcgen der umliegenden Gemeinden teil. So sind beim Biberacher Sch\u00fctzenfest sowie beim Magnusfest in Bad Schussenried immer Fahrer von unserem Reitverein dabei. Mit ihren [&hellip;]<\/p>\n","protected":false},"author":5,"featured_media":0,"parent":0,"menu_order":0,"comment_status":"closed","ping_status":"closed","template":"","meta":{"footnotes":""},"class_list":["post-15","page","type-page","status-publish","hentry"],"jetpack_sharing_enabled":true,"_links":{"self":[{"href":"http:\/\/www.rfv-ingoldingen.de\/wordpress\/wp-json\/wp\/v2\/pages\/15","targetHints":{"allow":["GET"]}}],"collection":[{"href":"http:\/\/www.rfv-ingoldingen.de\/wordpress\/wp-json\/wp\/v2\/pages"}],"about":[{"href":"http:\/\/www.rfv-ingoldingen.de\/wordpress\/wp-json\/wp\/v2\/types\/page"}],"author":[{"embeddable":true,"href":"http:\/\/www.rfv-ingoldingen.de\/wordpress\/wp-json\/wp\/v2\/users\/5"}],"replies":[{"embeddable":true,"href":"http:\/\/www.rfv-ingoldingen.de\/wordpress\/wp-json\/wp\/v2\/comments?post=15"}],"version-history":[{"count":16,"href":"http:\/\/www.rfv-ingoldingen.de\/wordpress\/wp-json\/wp\/v2\/pages\/15\/revisions"}],"predecessor-version":[{"id":1759,"href":"http:\/\/www.rfv-ingoldingen.de\/wordpress\/wp-json\/wp\/v2\/pages\/15\/revisions\/1759"}],"wp:attachment":[{"href":"http:\/\/www.rfv-ingoldingen.de\/wordpress\/wp-json\/wp\/v2\/media?parent=15"}],"curies":[{"name":"wp","href":"https:\/\/api.w.org\/{rel}","templated":true}]}}